s the units digit of j?
2
Let h = 37 + -13. Suppose 2*y = -2*y + 2*c - 62, -4*y + c - 65 = 0. Let p = h + y. What is the units digit of p?
7
Let a(g) = -g + 4. Let f = 10 + -6. Let l be a(f). Suppose 2*t = 5*r + 27, t + 4*r + 6 = -l*t. What is the units digit of t?
6
Suppose 11*i + 9*i = 40. Suppose 0 = 5*u - 8 - 2, 13 = 3*f + i*u. What is the units digit of f?
3
Let u = -8 + 6. Let s be u*(-1)/1 + 0. What is the units digit of 92/12 - s/3?
7
Let b = -2 + -2. Let u be (-5 + 3)/(b/18). Let k(p) = 3*p - 17. What is the units digit of k(u)?
0
Let x be (-42)/(9/(-3)) - 0. Let s = 85 - x. What is the units digit of s?
1
Suppose -2*h + 4 = -2. Suppose -2*u = -3*u + 2*y - 61, -h*u = -3*y + 180. Let i = 89 + u. What is the units digit of i?
0
What is the hundreds digit of ((-129)/14)/((-8)/(-64))*-14?
0
Suppose -9 = 5*u + 16. Let v(b) = -7*b - 5. Let l(y) = 14*y + 10. Let w(r) = 3*l(r) + 7*v(r). What is the units digit of w(u)?
0
Let p(d) = -4*d + 16. Let s(l) = 5*l - 17. Let i(u) = 6*p(u) + 5*s(u). Let f = 412 + -404. What is the tens digit of i(f)?
1
Let l(n) = -n**3 - 9*n**2 - 9*n - 1. Let i be l(-8). Suppose -4*r + i*r + 144 = b, 0 = b + 5*r - 152. What is the tens digit of b?
4
Let w = 341 + -52. What is the hundreds digit of w?
2
Suppose -11*g = -7*g - 5460. What is the units digit of ((g/6)/(-5))/((-1)/2)?
1
Let u(z) = z**3 - 12*z**2 + 5*z + 6. Let r be u(11). Suppose 2*l = t + 11, -2*t - 15 = t. What is the units digit of (r/(l + -1))/(-2)?
5
Let y(h) be the first derivative of h**4/4 + 8*h**3/3 + 3*h**2 + h - 2. Let b = 42 - 47. What is the tens digit of y(b)?
4
Let f = 23 + -65. Let d be (-4 - (-7)/14)*8/(-14). What is the tens digit of d/(-4)*f + -1?
2
Suppose -2*i - 3*i + 154 = p, 68 = 2*i + 2*p. What is the units digit of i?
0
Let n(u) = 17*u + 3 - 16*u + 3. Let k be n(13). Let f = 31 - k. What is the tens digit of f?
1
Let o(y) = 1849*y**2 - 6*y + 5. What is the thousands digit of o(1)?
1
Suppose -o + 6*o = -p + 13, -p + 19 = -o. Let v(c) = 2*c**2 - 36*c + 18. What is the units digit of v(p)?
8
Let o be (-83 - -4)/(-2 + 3). Let p = -8 - o. Suppose p = 3*c - 10. What is the units digit of c?
7
Suppose 0 = -30*n + n + 16849. What is the units digit of n?
1
Let x(u) = -3*u + 354. What is the hundreds digit of x(9)?
3
Suppose 4*g + 103 = -5*l + 296, -g - 2*l + 49 = 0. What is the units digit of g?
7
Let c(v) = 8 + 11*v**2 - 11*v + 4*v**3 - 6 - 2*v**3 - 3*v**3. What is the tens digit of c(9)?
6
Let p(y) = 115*y - 671. What is the hundreds digit of p(24)?
0
Let m be (-1 - -6)*16/(-10). Let u = 4 + 7. Let x = m + u. What is the units digit of x?
3
Let u = 5687 + -3491. What is the thousands digit of u?
2
Let d(t) = 90*t**2 + 30*t - 8. What is the units digit of d(-3)?
2
Suppose 8 = -g + 5*g. What is the tens digit of 88 + 5/5*g?
9
Let w = -32 - -36. Suppose 2*j = w*j - 18. What is the units digit of j?
9
Let w(t) be the first derivative of -t**3/3 + 5*t**2/2 + 8*t + 1. Suppose 90 = 11*r + 4*r. What is the units digit of w(r)?
2
Let t(m) = -2*m**2 - 12*m - 7. Let l be t(-5). Suppose 0 = n - 2*s - 175, l*n - 3*s - 183 = 336. What is the units digit of n?
1
Let t(n) = -n**3 + 22*n**2 + 256*n + 19. What is the units digit of t(22)?
1
Let a = -1097 + 1162. What is the tens digit of a?
6
Suppose 0 = 4*h + 4*s - 252, -4*h + 135 = 2*s - 107. What is the units digit of h?
8
Suppose 3219 - 679 = 10*b. What is the tens digit of b?
5
Suppose -3*u + 0 = 3*h - 6, -5*u + 37 = -4*h. Suppose 4*l = u*z - 11 - 29, -2*z = 4*l - 16. Let w(t) = -t + 14. What is the units digit of w(z)?
6
Let n(s) be the first derivative of s**2/2 + 9*s - 5. Let w be n(-9). Let u = 7 + w. What is the units digit of u?
7
Let p = -710 - -1336. Suppose 41*c = 39*c + p. What is the hundreds digit of c?
3
Let b = -841 + 2288. What is the tens digit of b?
4
Let a(y) = -15*y**2 - 4*y - 2. Let p be a(-3). Let f = p + 319. What is the hundreds digit of f?
1
Let s = 32 + -14. Let t = 7 + s. Let a = t - 15. What is the units digit of a?
0
Suppose 14*n - 10*n - 5*v - 7099 = 0, 2 = 2*v. What is the thousands digit of n?
1
Suppose 0 = 3*c, -5*o + 3*c = -4*o - 115. Let n be -1 - 1/(-2 + 1). Suppose o = 5*p - n. What is the units digit of p?
3
Let b(r) = 8*r**2 - 38*r - 3 + 21*r - 42*r - 2*r. What is the units digit of b(9)?
6
Let i be ((-2)/(-6)*6 - 1)*0. Suppose i = -59*a + 64*a - 570. What is the tens digit of a?
1
Suppose j - 2*v - 15 = 3*v, -2*j - 2*v - 6 = 0. Suppose j = z - 8*z + 7. What is the units digit of z?
1
Let g(b) = 7*b**3 - 4*b**2 + 6*b + 3. What is the tens digit of g(2)?
5
Let f be 30/4 + (-5)/(-10). Suppose -4*b - f = -d + 16, -2*b + 3*d - 2 = 0. Let g = b + 16. What is the units digit of g?
9
Suppose -2*c - c - 2*q = -15, 0 = -c + 4*q - 9. Suppose -3*f + 90 = -3*g, g = -1 - 3. Suppose c = j - f. What is the units digit of j?
9
Let i be ((-1)/3)/((-3)/531). What is the tens digit of i - 0*(-3)/9?
5
What is the tens digit of (-713)/(-1) - (33 + -23)?
0
Let f(x) = 3*x**3 - 2*x**2 + 3*x - 4. Let v be ((-9)/(-15))/(6/60). Suppose -3*y + 0 = -v. What is the units digit of f(y)?
8
Let u be -39*((-24)/(-9))/(-4). Let t = u - -12. What is the tens digit of t?
3
Suppose -46*w + 54*w = 11864. What is the units digit of w?
3
Let h = -8144 - -12162. What is the tens digit of h?
1
Let s(r) = r**2 + 5*r - 2. Let c(l) = 3*l**2 + 15*l - 6. Let i(v) = -4*c(v) + 11*s(v). What is the units digit of i(-4)?
6
Suppose 0*t + 2*t - 4*a - 1158 = 0, 0 = 2*a - 2. Suppose 3*b - t + 188 = 0. What is the hundreds digit of b?
1
Suppose 4*a - 837 = -3*d, 0 = -2*d - 2. Suppose 8*q - a = 5*q. What is the units digit of q?
0
Let v = 2174 - 304. What is the thousands digit of v?
1
Let z be 2/5 - (-254)/(-10). Suppose 0 = -4*t + 2*f + 1 + 7, -5*f - 12 = -2*t. What is the tens digit of t - (-3 - -4) - z?
2
Let y = 48 + -5. What is the tens digit of y?
4
Suppose 5*u = -x + 3*x - 8, -x = 2*u - 4. Let h be (-2 + 6/x)*-192. Suppose k = -3*k + h. What is the units digit of k?
4
What is the hundreds digit of -3 + (-3)/3 + (-4425)/(-5)?
8
Suppose -2*z = -0*z - 28. Suppose b = -z + 4. Let d = b + 15. What is the units digit of d?
5
Suppose 0 = 4*j + 2*j - 24. Suppose j*q + 26 = 138. What is the tens digit of q?
2
What is the hundreds digit of 4 - (-139 + 63/9)?
1
Suppose -466 - 314 = -n. What is the hundreds digit of n?
7
Suppose 0 = -4*a - 47 + 179. Let j = a - 26. Suppose 183 + 111 = j*t. What is the tens digit of t?
4
Let u(s) = 90*s**2 - 14*s - 12. What is the units digit of u(-4)?
4
Suppose 4*d + 27 = 2519. What is the tens digit of d?
2
Let o be ((-32)/(-6))/(16/24). Suppose -2*p + 6*i - 3*i - 12 = 0, 2*i - o = 2*p. Suppose p*a + a = -2*h, -2*h - 2 = 0. What is the units digit of a?
2
What is the tens digit of 0 - (-534)/2 - -8?
7
Let h = 46 - 17. What is the units digit of (h - 1)/(34/85)?
0
Suppose 2505 = 3*q + 480. What is the tens digit of q?
7
Suppose 10*k = 9*k + 283. Suppose 0 = -2*y + 5*h + 174, 3*h - 152 = -5*y + k. What is the tens digit of y?
8
What is the hundreds digit of (63/7 - -33)/(4/242)?
5
Let k = -498 - -1151. What is the units digit of k?
3
Let n = -28 - -31. Let k be 18*n*24/27. Let t = 105 - k. What is the tens digit of t?
5
Suppose -5*o = 5*f - 6935, 3*f = -7*o + 8*o - 1395. What is the thousands digit of o?
1
Let f(b) = b**3 - 4*b**2 - 2*b - 10. Let g be f(5). Let c = 36 + g. What is the tens digit of c?
4
Suppose 8*d - 4*d - 60 = -y, -4*y + 16 = 0. Suppose -6*a + a = -3*h + d, 4*a - 24 = -2*h. What is the units digit of h?
8
Let j(u) be the second derivative of u**5/10 + u**4/6 - u**3/3 + u**2/2 + 5*u. Let d be j(1). Suppose 4*y = d*y + 26. What is the tens digit of y?
2
Let n be 21/14*8/3. Suppose -n*a + 93 = 53. What is the tens digit of a?
1
Suppose -13*q - 13*q = -6526. What is the tens digit of q?
5
Suppose -31 = 8*a - 111. Suppose -g - 9*g = -a. What is the units digit of g?
1
Suppose 14295 = 3*s - 6*p + 10*p, -3 = p. What is the units digit of s?
9
Let f = 6 - 10. Let z be f + 6 - 0/(-2). What is the units digit of z/(4/(16 - 0))?
8
Let f = -2 - -6. Suppose f = 3*n - 5. Suppose -169 = -5*i - 4*x - n, 0 = -5*i + 3*x + 173. What is the tens digit of i?
3
Let d(c) be the first derivative of c**4/4 - 11*c**3/3 + 3*c**2 - 6*c + 12. What is the tens digit of d(11)?
6
Let u(f) = 4*f + 86.